107?
107
Calculate the highest common divisor of 672760 and 3872.
968
Calculate the highest common divisor of 646 and 3763596.
646
What is the highest common factor of 175 and 14225?
25
What is the greatest common divisor of 1855272 and 2208?
552
What is the greatest common factor of 46625 and 3357?
373
Calculate the greatest common factor of 5994 and 4181.
37
Calculate the highest common divisor of 524498 and 78.
26
What is the greatest common factor of 223869 and 3?
3
Calculate the greatest common divisor of 701135 and 5.
5
What is the highest common factor of 1107 and 4387?
41
What is the highest common factor of 177 and 192989?
59
Calculate the greatest common divisor of 20958 and 15.
3
What is the highest common divisor of 6660 and 1876788?
1332
What is the greatest common factor of 17095 and 455?
65
What is the highest common divisor of 18490 and 1630?
10
Calculate the highest common factor of 1030 and 36170.
10
What is the greatest common factor of 17835 and 885?
15
What is the greatest common divisor of 24549 and 189?
21
What is the highest common factor of 16314 and 78?
6
What is the greatest common divisor of 3084 and 756?
12
Calculate the highest common factor of 91308 and 1344.
84
Calculate the greatest common factor of 720 and 811260.
180
Calculate the highest common divisor of 22265 and 1460.
365
Calculate the greatest common divisor of 32 and 1420784.
16
What is the highest common factor of 188290 and 2280?
190
Calculate the highest common factor of 96245 and 5.
5
What is the highest common factor of 319231 and 11?
11
Calculate the highest common factor of 9842 and 608.
38
Calculate the greatest common factor of 847220 and 341.
11
What is the greatest common factor of 644936 and 76?
76
What is the greatest common factor of 295585 and 1395?
155
What is the highest common divisor of 1687640 and 930?
310
Calculate the greatest common factor of 196110 and 960.
30
What is the highest common divisor of 119801 and 33?
11
Calculate the highest common divisor of 1295 and 106855.
35
Calculate the highest common factor of 6479 and 17138.
209
What is the highest common factor of 65250 and 5375?
125
Calculate the greatest common factor of 4 and 11194.
2
Calculate the greatest common factor of 1239 and 6531.
21
What is the highest common divisor of 15191 and 689119?
1381
Calculate the greatest common divisor of 12 and 4766172.
12
Calculate the highest common factor of 409664 and 296.
296
What is the highest common factor of 11496 and 3144?
24
Calculate the greatest common factor of 47841 and 17649.
111
What is the greatest common divisor of 75153 and 12831?
1833
What is the greatest common divisor of 65 and 84877?
13
What is the greatest common divisor of 67302 and 234?
18
Calculate the highest common divisor of 306 and 46140.
6
Calculate the highest common factor of 36 and 392724.
36
Calculate the highest common factor of 358 and 229478.
358
What is the greatest common divisor of 2761869 and 1397?
1397
Calculate the greatest common factor of 190464 and 93.
93
Calculate the highest common factor of 2166 and 1103577.
1083
What is the highest common factor of 11552 and 12274?
722
What is the greatest common factor of 940 and 1370990?
470
Calculate the highest common factor of 195 and 6578585.
65
Calculate the greatest common divisor of 3015 and 30.
15
Calculate the highest common divisor of 23884 and 224.
28
What is the highest common factor of 3360 and 15855?
105
Calculate the greatest common divisor of 1726074 and 84.
42
What is the greatest common divisor of 536965 and 2145?
715
Calculate the greatest common factor of 29408 and 5888.
32
What is the highest common factor of 14995 and 5?
5
Calculate the highest common divisor of 1584 and 972.
36
What is the highest common factor of 7584 and 1056?
96
What is the greatest common factor of 4368370 and 172?
86
What is the greatest common divisor of 18088 and 48?
8
Calculate the greatest common divisor of 795 and 74995.
265
What is the highest common factor of 2069130 and 140?
70
Calculate the highest common factor of 221 and 36257.
13
What is the greatest common factor of 60 and 435628?
4
What is the greatest common divisor of 569652 and 222?
222
What is the highest common divisor of 842143 and 443?
443
Calculate the highest common divisor of 18 and 70659.
9
Calculate the greatest common factor of 387648 and 128.
64
What is the greatest common factor of 15853 and 5157?
191
Calculate the greatest common divisor of 3714 and 42.
6
Calculate the highest common factor of 8 and 5977456.
8
What is the highest common factor of 33344 and 856?
8
What is the highest common divisor of 1637184 and 32?
32
Calculate the greatest common divisor of 148 and 745846.
74
Calculate the highest common divisor of 17385 and 11712.
183
What is the highest common factor of 2470 and 3640?
130
What is the highest common factor of 1248 and 14222?
26
What is the highest common divisor of 1225025 and 4275?
475
What is the greatest common divisor of 42 and 106806?
42
Calculate the greatest common divisor of 6688 and 6567.
11
Calculate the highest common divisor of 113526 and 954.
954
What is the greatest common factor of 33 and 166969?
11
What is the highest common divisor of 57 and 28139?
19
Calculate the greatest common divisor of 434520 and 30.
30
What is the greatest common factor of 648 and 436752?
648
Calculate the highest common divisor of 36 and 337941.
9
What is the greatest common factor of 3633789 and 123?
123
Calculate the highest common factor of 7826 and 42406.
182
Calculate the highest common factor of 1281810 and 30.
30
Calculate the highest common divisor of 210 and 12330255.
105
What is the greatest common factor of 10494 and 194722?
1166
What is the highest common factor of 11 and 823603?
11
What is the highest common divisor of 357 and 74817?
51
Calculate the greatest common factor of 37107 and 2736.
171
Calculate the highest common divisor of 104 and 2002.
26
Calculate the greatest common divisor of 11075 and 475.
25
Calculate the greatest common divisor of 68 and 846804.
68
What is the highest common divisor of 6123 and 22659?
39
What is the greatest common divisor of 188 and 74213?
47
Calculate the greatest common divisor of 2574 and 83259.
99
What is the highest common divisor of 6 and 4103208?
6
What is the greatest common factor of 150 and 34080?
30
Calculate the greatest common factor of 206942 and 4.
2
What is the highest common factor of 86903 and 365801?
2021
What is the highest common divisor of 3190989 and 123?
123
What is the greatest common factor of 30621 and 29205?
177
Calculate the greatest common factor of 312 and 16809.
39
Calculate the greatest common factor of 2905 and 4690.
35
What is the highest common factor of 468 and 297804?
156
Calculate the highest common factor of 544095 and 8136.
1017
Calculate the greatest common divisor of 31 and 276737.
31
Calculate the highest common factor of 58905 and 170.
85
What is the greatest common divisor of 114 and 229083?
57
Calculate the highest common divisor of 198 and 159093.
99
Calculate the highest common factor of 4806 and 1961382.
534
Calculate the greatest common factor of 40 and 138280.
40
Calculate the greatest common factor of 27885 and 275.
55
Calculate the highest common factor of 71100 and 1332.
36
What is the highest common factor of 52800 and 119240?
440
What is the greatest common divisor of 16 and 681632?
16
What is the greatest common divisor of 2890 and 4250?
170
Calculate the greatest common factor of 3552 and 538720.
1184
What is the highest common factor of 12 and 1903542?
6
What is the greatest common divisor of 530 and 143240?
10
Calculate the highest common divisor of 4310048 and 64.
32
Calculate the greatest common factor of 946829 and 65.
13
What is the highest common factor of 240 and 43600?
80
What is the greatest common factor of 1 and 17749?
1
Calculate the greatest common factor of 7854 and 7392.
462
Calculate the greatest common factor of 1501 and 82160.
79
What is the greatest common factor of 68192 and 224?
32
Calculate the highest common divisor of 596 and 757814.
298
Calculate the greatest common factor of 144 and 30756.
12
Calculate the highest common factor of 366567 and 57.
57
What is the highest common 